-k - q*k, 2*n - 74 = -5*k. List the prime factors of n.
37
Let m(z) = -3*z**3 - z**2 - 3*z - 2. Let k be m(-1). Suppose 0 = g + 2*g - 90. Suppose 4*d + g = 5*u, -2*d + 40 = -0*u + k*u. List the prime factors of u.
2, 5
Suppose 4535 = 3*i - 6199. What are the prime factors of i?
2, 1789
Let l(g) = 85*g**2 - 2*g - 54. List the prime factors of l(-6).
2, 3, 503
Let m(q) = 3*q**3 - 43*q**2 + 17*q + 31. What are the prime factors of m(18)?
47, 83
Let b(v) = -1 + 9 - 27*v + 0 - 10. List the prime factors of b(-1).
5
Let l(t) = t**3 - 15*t**2 - 18*t + 20. Let j be l(16). List the prime factors of (-4)/j*-70*6/(-2).
2, 5, 7
Let p(j) be the first derivative of j**5/15 + j**4/12 - j**3/3 - 5*j**2/2 + 5. Let i(z) be the second derivative of p(z). What are the prime factors of i(2)?
2, 3
Let b = -88 + 619. What are the prime factors of b?
3, 59
Let k = -58 - -62. What are the prime factors of (-2 + 40)*(2 + (-6)/k)?
19
List the prime factors of 4/(-7) - ((-11115)/35 + 2).
3, 5, 7
Let g(i) be the first derivative of i**3/3 - 13*i**2/2 + 8*i + 4. Let n be g(5). Let b = -26 - n. List the prime factors of b.
2, 3
Let h(o) = 36*o**2 - 4*o + 19. What are the prime factors of h(3)?
331
What are the prime factors of (-2 - (-2 - (3 + 910))) + -4?
3, 101
Suppose -21*o + 2761 = -10*o. What are the prime factors of o?
251
Let u = -403 - -808. What are the prime factors of u?
3, 5
Let b be 66/4*132/18. Suppose 4*z - 3*l - 2*l = b, 2*l + 28 = z. Suppose -3*n + 11 = -z. List the prime factors of n.
3, 5
Let a(l) = l**3 - 3*l**2 + 2*l - 6. Let m be a(3). Suppose m = 2*k - 3*w - 121, -k + w = k - 111. What are the prime factors of k?
53
Suppose -k = -3*k + 5*d + 54, 0 = 3*k - d - 94. Suppose -f = 2*u - 9, 0 = -4*f + 3*u + 4 + k. List the prime factors of f.
3
What are the prime factors of (-56)/(-15 - -8) - (-1513 + -1)?
2, 761
List the prime factors of (-8 - -5 - -4) + 0 + 397.
2, 199
Let m(r) = r + 17. Let k(w) = -3*w + 7. Let b be k(7). Let z be m(b). Suppose -t - 4*i - 24 = -z*t, -21 = -2*t + i. What are the prime factors of t?
2, 5
Let d(b) = 26*b - 17. List the prime factors of d(4).
3, 29
Suppose 28 = 4*d - 5*y, -2*y - 2 = 6. Suppose -4*b + d = -6*b. Let a(q) = -25*q**3 + 1. What are the prime factors of a(b)?
2, 13
Let t = -172 + 386. Let d = t - -89. What are the prime factors of d?
3, 101
List the prime factors of (-15)/(45/(-6)) + 360.
2, 181
Suppose 3*s + 0*u - 3*u = -30, -2*s - 26 = u. List the prime factors of (-1478)/s + 7/(-3*14).
3, 41
Let f = -1047 - -1810. List the prime factors of f.
7, 109
Suppose -2*c + 3*f = -c - 775, -4 = f. What are the prime factors of c?
7, 109
Let g = 1879 + -1445. List the prime factors of g.
2, 7, 31
Let d = -3702 + 5291. What are the prime factors of d?
7, 227
Let i be (10/8)/(14/(-336)). Let k = -72 - -127. Let y = k + i. What are the prime factors of y?
5
Suppose -2*w + 6712 = 3*j, -6*j = -3*j + 3*w - 6714. List the prime factors of (-6)/10 + j/10.
223
Suppose 19*h = 13440 + 31058. What are the prime factors of h?
2, 1171
Let s(y) be the second derivative of 15*y**3 - 7*y. Let p be s(1). Suppose 52 + p = 2*q. List the prime factors of q.
71
Let m be ((-4)/8)/((-2)/20). Let l be 15/m + 1/(-1). Suppose -w + 28 = -v, -5*w = l*v + 2*v - 113. What are the prime factors of w?
5
Let n(b) = b**2 + 7*b. Let w be (-2)/(-3)*(-81)/(-18). List the prime factors of n(w).
2, 3, 5
Let c(g) be the second derivative of 5*g**4/12 + 17*g**3/6 + 6*g**2 + 19*g. List the prime factors of c(-6).
2, 3, 5
Suppose -5*p + 254 - 50 = 4*w, -4*p - 4*w + 164 = 0. Let z = -353 + 356. Suppose p - 112 = -z*d. List the prime factors of d.
2, 3
Suppose 3*i + 1 = -5. Let q be i*78/(-3) - 1. Suppose -2*g = g - q. What are the prime factors of g?
17
Let i(a) = 10 - 11*a - 16 + 3*a. List the prime factors of i(-6).
2, 3, 7
Let g(r) be the second derivative of 4*r**3/3 + 7*r**2 - 7*r. What are the prime factors of g(7)?
2, 5, 7
Let k(d) = d**3 - 8*d**2 + 6. Let a be k(8). Suppose -j = 9 - a. Let r(i) = i**2 - 4. What are the prime factors of r(j)?
5
Suppose -5698 = 20*w - 19018. What are the prime factors of w?
2, 3, 37
Let j(x) = 1934*x - 72. What are the prime factors of j(1)?
2, 7, 19
Let x(l) = -l**2 + 17*l - 1. Let f = -11 + 27. List the prime factors of x(f).
3, 5
Let i = -4430 - -7642. List the prime factors of i.
2, 11, 73
Let s be 2 - -1 - 5/5. Suppose 0 = s*j - 12 + 2. Suppose b - 2*c + j = 28, -2*c = 2. List the prime factors of b.
3, 7
Suppose 11*p - 9*p - 30 = 0. Suppose -p = -6*x + 141. List the prime factors of x.
2, 13
List the prime factors of (-1 + 309/9)*72/16.
2, 3, 5
Let l = -178 - -403. What are the prime factors of l?
3, 5
Suppose -4*c + 5023 = 79*h - 78*h, 0 = 5*h + 3*c - 25047. List the prime factors of h.
3, 1669
Suppose -3*c + 2*q + 3 = -1, 6 = -5*c - 3*q. Suppose 5*w = 2*s + 45, 5*w + 2*s + c*s = 25. Suppose -5*n + w*n = 114. List the prime factors of n.
3, 19
List the prime factors of -1 - ((-35)/14)/(2/1292).
2, 3, 269
Suppose 3*z = -g + 763, 4*g - 7*g = 3*z - 2319. Suppose 5*d - 4*d = 5*m - g, m - 154 = d. What are the prime factors of m?
2, 3, 13
Let c = -175 - -425. List the prime factors of c.
2, 5
Let j be 14 + -3 + 1 + 3. Suppose 0 = q - 0*o - 4*o + j, -5*o = 5*q - 25. Let w(v) = 12*v**3 + v**2. What are the prime factors of w(q)?
13
Suppose 10*u - 9*u - 17843 = -5*l, -10 = 5*u. List the prime factors of l.
43, 83
Suppose 2*f + 659 = -0*p + p, -4*f = -p + 1323. What are the prime factors of ((-25)/20)/5*f?
83
Let y = 283 - 36. List the prime factors of y.
13, 19
Let j be (-12)/(-14)*(-7 + 0). Let w = 23 - j. What are the prime factors of w?
29
Let d = -2 - -6. Let m be 552/21 - d/14. Suppose 0 = x - 2*x + m. What are the prime factors of x?
2, 13
Let g = -26 + 28. Suppose 0 = g*r - 5*j - 88, 3*j - 4 = -16. List the prime factors of r.
2, 17
Let z(r) = -r**2 - 7*r - 8. Let k be z(-4). Suppose -2*q + 119 = l, 0*l = 3*l + k*q - 365. What are the prime factors of l?
127
What are the prime factors of (-5736423)/(-2261) + (4/(-34))/1?
43, 59
Let k = 261 + -137. Let g = 23 - 9. List the prime factors of (-3)/(-21) + k/g.
3
Let w(s) = -2*s**3 - 13*s**2 - s + 25. Let i be w(-11). Suppose -350 = -5*t + i. List the prime factors of t.
5, 59
Suppose -s - 3 = 0, -4*s = 5*z - s + 4. Let b be (z - 0)*(6 + -3). Suppose -b*x + 16 = x. List the prime factors of x.
2
Let j(u) = -269*u - 60. List the prime factors of j(-3).
3, 83
Let h(l) = -2*l**3 + 6*l**2 - 12*l + 10. List the prime factors of h(-6).
2, 5, 73
Let n = 1 + -1. Let z be n + (10 - 0)/2. Suppose 61 + 19 = 4*g + 5*h, -z*g + 113 = 3*h. What are the prime factors of g?
5
Suppose 0 = -3*u + 5*j + 13169, 0*j + 4*j = 8. List the prime factors of u.
23, 191
Let t be (-156)/(-28) - 3/(-7). Let l = t + 299. What are the prime factors of l?
5, 61
Let v = -45 - -47. Suppose -2*n = 4*a - 220, 4*n + a = v*a + 404. What are the prime factors of n?
2, 3, 17
Suppose 3*n - 275 = 424. What are the prime factors of n?
233
Suppose -48 - 215 = -y + 5*g, 0 = -y - 4*g + 218. What are the prime factors of y?
2, 7, 17
Let k = 899 + -554. List the prime factors of k.
3, 5, 23
Let t be (9/(-12))/(1/(-252)). Let w = t - 84. Suppose 0 = j - 6*j + w. List the prime factors of j.
3, 7
Let o(c) = 22*c**2 + 3*c - 2. Let q(g) = -23*g**2 - 4*g + 2. Let i(l) = 6*o(l) + 5*q(l). Suppose 4*j - 4 + 8 = 0. What are the prime factors of i(j)?
17
Let y = 2577 - 1212. List the prime factors of y.
3, 5, 7, 13
Suppose 3 + 1 = -2*l. What are the prime factors of (l/3)/((-13)/975)?
2, 5
Let s be (-1 - -1)*(-13)/39. Suppose -5*q + 5*k = s, -4*q + 5*k + 2 = 7. Let v(u) = 2*u**2 - 5*u. List the prime factors of v(q).
5
List the prime factors of 3993 + 7/(28/(-24)).
3, 443
Suppose -33*w = -29*w - 1836. What are the prime factors of w?
3, 17
Let q = -250 + -1. Let w = -148 - q. List the prime factors of w.
103
Suppose -p + 419 = 10*q - 7*q, 4*p = -q + 136. List the prime factors of q.
2, 5, 7
Suppose 0 = -2*x - 3*w + 2778, 9*x - 1403 = 8*x - 5*w. List the prime factors of x.
3, 461
Let f = 16 + -8. Let x(d) = -d + 2. Let w be x(f). Let j(v) = -3*v - 14. What are the prime factors of j(w)?
2
Let d = 1081 + -892. What are the prime factors of d?
3, 7
Let n(x) = -x**2 - 1. Let u(z) = -z**2 - z + 4. Let y(o) = 3*n(o) + u(o). Let w be y